late the greatest common divisor of 21 and y.
3
Let r be (-346)/(-6) - 2/3. Let l(g) = 4*g**2 - 105*g - 5. Let n be l(27). What is the highest common factor of n and r?
19
Let i(r) = 4*r**2 + 2*r. Let o be i(4). Let f be ((-594)/o)/(2/(-64)). Calculate the greatest common factor of 24 and f.
24
Suppose -19*v + 24*v = -180. Let y = v + 56. What is the highest common divisor of 40 and y?
20
Suppose -4*k = 1 - 5. Suppose z - 16 = -k. What is the highest common factor of z and 75?
15
Let v(j) = -7*j - 39. Let l be v(-27). Calculate the greatest common divisor of l and 5.
5
Suppose 44 = i + 2*q, -i + 6*i = -q + 184. Calculate the greatest common factor of i and 18.
18
Let c be (-189)/18*(-1632)/56. What is the highest common divisor of c and 63?
9
Let i(n) = 1. Let b(z) = -z - 1 + 0*z - 3 - 2. Let p(m) = -6*b(m) - 42*i(m). Let k be p(7). What is the greatest common factor of k and 4?
4
Suppose -v = -42 - 28. Suppose 3 = 3*s + 3*f, s + 3*f - 7 = 2*s. Let o(n) = -10*n. Let a be o(s). What is the highest common divisor of v and a?
10
Suppose 2*d + 10 = 4*d, -o + d + 67 = 0. Calculate the highest common divisor of o and 504.
72
Suppose -5*o + 24 = -26. Suppose -b = t - 22, 4*t + b - 92 = 5. Calculate the highest common divisor of o and t.
5
Let q be 1 + (-19)/(-6) - 2/12. Let w be 2 + -1 + (-2 - -23). What is the greatest common divisor of q and w?
2
Let f be 1*94*21/42. What is the highest common divisor of f and 1175?
47
Suppose 0 = -5*z - g + 537, 0*z = -4*z + 2*g + 438. What is the highest common factor of z and 189?
27
Let h = -4 - -7. Let i(z) = -h*z + 10 + 3 + 12*z + z**2. Let n be i(-9). Calculate the highest common divisor of n and 13.
13
Let j(b) = 3*b**2 + 55*b - 88. Let a be j(-20). Let r(z) = 3*z**2 - z. Let p be r(3). Calculate the greatest common factor of p and a.
12
Suppose 60*q - 2803 - 4517 = 0. What is the greatest common divisor of 366 and q?
122
Let p(h) = 2*h**2 + 16*h + 10. Let s be p(-15). Suppose 8*o - 6 = 82. What is the greatest common divisor of o and s?
11
Let d be 6/(-45) - 39432/(-90). What is the greatest common divisor of d and 6?
6
Let z be (16/(-48))/(2/18). Let l be ((-54)/z)/((-1)/(-1)). Calculate the greatest common factor of l and 2.
2
Let r be (-316)/28 - 2/(-7). Let b(a) = -a + 7. Let y be b(r). Calculate the highest common divisor of 72 and y.
18
Suppose -2*s + 44 = -2*z - 0*z, -2 = -z. Calculate the greatest common divisor of 6 and s.
6
Suppose 3*n = l - 192, 19 = -l + 2*n + 213. Calculate the greatest common factor of l and 18.
18
Let m = 88 - -11. Suppose -2*o = -m - 9. Calculate the highest common factor of 270 and o.
54
Let f be 9*-18*33/(-66). Calculate the greatest common divisor of f and 891.
81
Suppose 153 = -19*d + 22*d - 4*v, 102 = 2*d - 5*v. What is the highest common divisor of 68 and d?
17
Let g(q) = -q**2 + 1. Let x(r) = r**2 - 6*r - 3. Let z(o) = -4*g(o) - x(o). Let c be z(5). What is the highest common factor of c and 13?
13
Let m(v) = -v**2 + 47*v - 159. Let b be m(29). What is the highest common divisor of b and 132?
33
Let h = 25 - 3. Let y(b) = b**3 + 3*b**2 - 4*b + 2. Let l be y(-4). Let v be (1 - l - -31) + 3. What is the greatest common factor of v and h?
11
Suppose -4*q + 3*a = 473, -55 + 629 = -5*q - 2*a. Let t = -39 - q. Let u be ((-7)/2 + 0)*-2. Calculate the highest common divisor of u and t.
7
Let s(c) = 4*c - 11. Let o(y) = 2*y + 16. Let d be o(-8). Let r be s(d). Let g be -2 + 5 + r + 22. Calculate the highest common divisor of g and 2.
2
Let l = 1388 + -1328. Calculate the highest common divisor of l and 620.
20
Suppose 4*s - 691 - 185 = 0. Calculate the highest common factor of s and 3.
3
Suppose 6 = 2*z - 4. Suppose -462 = 23*f - 692. What is the greatest common divisor of f and z?
5
Let t be (-4 + 212/8)*4. Calculate the highest common factor of t and 50.
10
Let q(v) = 17*v + 20*v + 17 - 35*v. Let a be q(10). Calculate the greatest common divisor of a and 74.
37
Suppose 201 = 99*a - 102*a. Let p = 107 + a. Calculate the highest common divisor of 20 and p.
20
Suppose 13*v = 17*v - 84. Suppose -2*d - 2*w - v = -3*d, -5*d + 83 = w. Let i be (-4)/(-6) - 559/(-3). Calculate the greatest common factor of d and i.
17
Let p be ((-6)/4)/((-93)/1178). Calculate the highest common factor of 95 and p.
19
Suppose 122 = k + 35. What is the highest common divisor of 116 and k?
29
Let v = 130 + -186. Let h = v + 89. Calculate the highest common divisor of h and 99.
33
Let n = -683 + 695. What is the greatest common divisor of 348 and n?
12
Let y be (-235)/50 + 24/(-80) + 209. Calculate the highest common factor of 357 and y.
51
Let f = 1724 + -756. Calculate the greatest common divisor of 11 and f.
11
Let p be 69093/108 + (-1)/(-4). What is the greatest common divisor of p and 20?
20
Let j(n) be the first derivative of n**3/3 - n**2 + 8*n + 1. Let f be j(0). Let c = f - -11. Calculate the highest common factor of c and 19.
19
Let i be (132 + 3)/(-9)*-21. Calculate the greatest common divisor of i and 10.
5
Let a(f) be the first derivative of 0*f - 1/2*f**2 - 6 + 11/3*f**3. Let y be a(1). Calculate the highest common divisor of y and 10.
10
Let s = -31 - -35. Let j be 14 + s*4/8. What is the highest common divisor of 2 and j?
2
Let d = 72 - -12. Suppose 92 = 2*m - d. What is the greatest common divisor of m and 8?
8
Let l be 0 + 3 + -1 + 1. Suppose -l*y = -4*d - 20 - 8, -y - 44 = 4*d. Let r be (-6)/d + 127/5. What is the greatest common factor of r and 13?
13
Let u be 4/(-16) - (-13)/4. Suppose g - 44 = -j - 2*g, 0 = -u*j - 4*g + 142. Suppose 4*p + 30 - 110 = 0. Calculate the highest common factor of j and p.
10
Let d be -6*3/(-12)*-2. Let v be 42 - (d + (-2)/(-2)). Suppose 132 + 77 = 19*b. What is the greatest common divisor of v and b?
11
Let g = 3 + -8. Let a(l) be the second derivative of l**4/12 + l**3/6 + 4*l. Let p be a(g). Calculate the greatest common divisor of 100 and p.
20
Let k be (2 + -5 + 1)*2. Let u be 24 + k*(-1)/4. What is the highest common factor of u and 5?
5
Suppose 4 = 4*x - 2*a, -5*x + 5 + 0 = 2*a. Suppose 0 = -z + x + 6. Calculate the greatest common factor of z and 21.
7
Suppose 0 = 2*f + 4*q - 36, -3 - 30 = -2*f - 3*q. Let c(b) = -5*b + 77. Let o be c(13). Calculate the highest common factor of f and o.
12
Let q be 6 + (-10 - (4 + -127)). What is the greatest common factor of q and 17?
17
Let v be (-1022)/(-14) + (-1 - (0 - 2)). What is the highest common factor of v and 37?
37
Suppose 0 = m + 3 + 2. Suppose 0 = 4*a + 3*j + 12, a - 1 + 4 = j. Let r be 1*(m + 2)*a. Calculate the highest common divisor of r and 6.
3
Suppose -2*d - 44 = -3*d. Suppose 0 = -0*o + 2*o + 38. Let v = -8 - o. What is the greatest common divisor of v and d?
11
Let f be 1 + (4/2 - -1). Suppose -7 + 15 = f*t. Let p(u) = u**3 + 3*u**2 - u - 1. Let z be p(-3). Calculate the greatest common divisor of z and t.
2
Let x(w) = -w**2 - 4*w + 6. Let b be x(-5). What is the highest common divisor of b and 16?
1
Suppose 305*a - 321*a = -144. Calculate the greatest common factor of a and 657.
9
Suppose 4*d = 3*w - w - 460, 0 = d + 2*w + 105. Let v = d + 203. Suppose -5 = -4*g + 35. Calculate the highest common factor of g and v.
10
Let a(t) = t**3 + 35*t**2 + 92*t - 3. Let r be a(-3). Let h be (-2)/(1*(-2)/6). Calculate the greatest common factor of r and h.
3
Let i = -1244 - -1281. Calculate the highest common factor of i and 740.
37
Let p = -477 - -767. Calculate the highest common factor of 116 and p.
58
Let r(y) = -5*y**2 + 40*y - 4. Let j be r(6). Calculate the greatest common divisor of 70 and j.
14
Suppose -5*k - 37 = -2*u, 15*k = 20*k - 5. Calculate the greatest common divisor of 147 and u.
21
Let g be 1/(((-12)/(-4))/9). Calculate the highest common divisor of g and 87.
3
Suppose z + 67 - 80 = 0. Let f(a) = a**3 + 10*a**2 - 11. Let m be f(-8). What is the highest common factor of m and z?
13
Suppose 4*i + 4*d - 84 = 0, -4*d = i - 12 - 21. Suppose -l + 190 + i = 0. What is the highest common divisor of 23 and l?
23
Suppose -8*p - 4 = 52. Let w(s) = 3*s**2 + 2*s - 21. Let q be w(p). Let l be ((-2)/4)/((-1)/28). Calculate the highest common factor of l and q.
14
Suppose -4*j + 342 = -666. Calculate the greatest common divisor of j and 30.
6
Let g(h) = -2*h**3 - 28*h**2 + 23*h + 27. Let y be g(-